is the highest common divisor of 432 and h?
27
Suppose 0 = -95*f + 88*f + 63. What is the greatest common divisor of f and 8?
1
Let w = 13 - 15. Let x = w - -4. Let u be x*10 - (-2 + 6). What is the greatest common factor of u and 128?
16
Suppose -5*k + 115 = 2*g - 25, 0 = -3*k + 2*g + 68. What is the greatest common factor of 221 and k?
13
Let l be (-1)/(-3 - (-2)/1). Let v be (l + -51)*(-4)/(-10). Let o be ((-16)/(-20))/((-2)/v). What is the highest common factor of 8 and o?
8
Let y be 744/16 - 3/(-2). Suppose -2*c + 5*o + 57 = 0, -4*o = -0*c + 3*c - 28. What is the highest common factor of y and c?
16
Let g be (-14 + 14)*2/4. Let q be (3 - g/(-8)) + (96 - 1). What is the greatest common factor of q and 14?
14
Let a(l) = -l + 11. Let o = 1 + 8. Let v be a(o). Let x be v/11 - 1048/(-44). What is the highest common divisor of 4 and x?
4
Suppose v = -39 + 36. Let m be (-9)/3 - v - -7. What is the highest common divisor of 21 and m?
7
Let s(h) = -2*h**3 - 7*h**2 + 13*h + 10. Let w be s(-5). Let i(u) = -13*u + 2. Let x be i(-6). What is the highest common divisor of w and x?
20
Let a be ((-117)/(-2))/((-16)/(-384)*9). Calculate the highest common divisor of a and 130.
26
Suppose -282 = -3*z - 4*s, 4*z - 279 = -4*s + 93. Calculate the greatest common factor of z and 45.
45
Let i(c) = -c**2 + c + 2. Let j be i(0). Suppose -5*w + 17 = j*t + 6, -t - 1 = -4*w. Suppose t*l + 6 = 5*l. Calculate the highest common factor of 3 and l.
3
Let o be (-20)/(-3)*528/110. Calculate the highest common divisor of 16 and o.
16
Let b(u) = u**3 - 10*u**2 + u - 8. Let h be b(10). Let n be ((-144)/20)/(h/(-25)). What is the highest common factor of 36 and n?
18
Suppose -3*p - 342 = -s, -4 = 2*p - 6. Calculate the highest common divisor of 30 and s.
15
Suppose 4*t + 446 - 110 = 0. Let f be ((-24)/t)/(1/7). Calculate the highest common factor of 3 and f.
1
Let m be (14 - 1) + (-4 - -3). Let x be (m/16*54)/(4/8). What is the greatest common divisor of 9 and x?
9
Suppose -2*g = -5*h - 107, -4*h = -2*g + 7*g - 350. Calculate the greatest common divisor of 24 and g.
6
Let b(h) = -2*h**2 - 32*h + 35. Let j be -17 - 1/(-2)*(1 - 1). Let n be b(j). What is the greatest common divisor of n and 5?
1
Suppose -15*q - 400 = -5*n - 20*q, -4*n + 5*q + 275 = 0. Calculate the highest common divisor of 3 and n.
3
Let f = -4 - -6. Suppose 3*x - 26 = 2*a, a = f*x - 0*x - 18. Suppose 2*h + 0*o - 218 = o, -h - o = -112. Calculate the highest common factor of x and h.
10
Suppose 22 = 4*u + 2. Let j(z) = 2*z**3 + z**2. Let a be j(1). Suppose 8 = d + a*l, 3*d + 2*l - 14 = -2*l. What is the highest common factor of d and u?
1
Let h(k) = k**3 + 7*k**2 + 2*k - 8. Let o(t) = t**2 - 14*t + 18. Let z be o(12). Let c be h(z). Calculate the highest common factor of c and 24.
8
Let p be 1 + 9*(-7)/(-3). Suppose -n - n = 2*y - 218, 3*y = 2*n - 223. What is the highest common divisor of p and n?
22
Let z = 20 - 12. Let i be (-6)/z + (-27)/(-4). Let g be 33/(1 + 3/(-6)). What is the greatest common factor of g and i?
6
Let b be ((-924)/(-165))/(((-6)/5)/(-3)). Calculate the greatest common divisor of 1778 and b.
14
Let w be 28/6*36/14. Suppose 2*x + w = 2. Let u be (x/(-2))/(-5)*-10. Calculate the highest common divisor of 45 and u.
5
Let n be 0 - ((-5)/20 - (-69)/(-12)). Suppose 7*p - 123 = n*p. Calculate the highest common divisor of p and 82.
41
Let s be (-22)/(-5) - (-10)/(-25). Suppose -f + 318 - 77 = s*v, 2*v - 122 = -2*f. Suppose -3*o - o = -v. Calculate the greatest common divisor of o and 60.
15
Let q be 39 - (16/(-6))/(24/(-36)). What is the highest common factor of q and 7?
7
Suppose 3*c - 2*p - 180 = 0, -7*c - 5*p = -8*c + 60. Calculate the greatest common factor of c and 150.
30
Let r(q) = q**3 + q**2 + 3. Let x be r(0). Suppose -x*m + 5 = t - 10, 5*t - 19 = -m. Let n be 40/15*27/t. Calculate the greatest common divisor of 24 and n.
24
Suppose 2*c = -4*a + 48 - 44, -5*c = -5*a - 40. Calculate the highest common factor of c and 69.
3
Suppose 4*v + 10574 = 10710. Calculate the greatest common factor of v and 1564.
34
Let a(l) = 20*l**2 + 8*l + 1. Let g(j) = 19*j**2 + 7*j. Let q(t) = -6*a(t) + 7*g(t). Let o be q(2). Calculate the highest common divisor of 120 and o.
24
Suppose 5*g - 259 = -5*s + 306, 343 = 3*s + 2*g. What is the highest common divisor of 91 and s?
13
Let c(m) = -m**3 + 55*m**2 - 55*m + 288. Let l be c(54). What is the greatest common factor of l and 104?
26
Suppose -2 + 12 = n. Calculate the highest common divisor of n and 5.
5
Let a be (-11)/(165/10) + (-1045)/(-15). Calculate the greatest common divisor of 345 and a.
69
Let f be ((-4)/(-1))/((7/(-4))/(-7)). Calculate the greatest common divisor of f and 144.
16
Let n = -2 + 2. Suppose -6*i + 2*i + 132 = n. Suppose -3 = -3*s + 6. What is the highest common factor of s and i?
3
Suppose 45 = -38*y + 41*y. Let x be ((-18)/y)/(9/(-240)). Calculate the highest common divisor of x and 8.
8
Let u = 17 + -25. Let o(f) be the first derivative of f**3/3 + 5*f**2/2 + 11*f + 7. Let r be o(u). Calculate the greatest common divisor of 14 and r.
7
Let q = 15 + 12. What is the highest common divisor of 432 and q?
27
Suppose 0 = 9*n - 9300 - 9285. Calculate the greatest common divisor of 35 and n.
35
Let u(d) = -d**3 + 23*d**2 + 50*d + 2. Let l be u(25). What is the highest common factor of 14 and l?
2
Suppose -5*u - 10*d + 6*d + 173 = 0, 2*u + 5*d = 76. What is the greatest common divisor of u and 55?
11
Let q(u) = 4*u - 6. Let i be q(2). Suppose 3*v - 88 = -y, -7*y + i*v + 352 = -3*y. What is the highest common factor of 22 and y?
22
Suppose -53 = -3*p - i, -6 = 3*p - i - 61. What is the greatest common divisor of p and 24?
6
Let m be 12172/8 + 11 - (-10)/(-4). What is the greatest common factor of m and 90?
90
Let b be ((-208)/(-65))/((-12)/(-270)). What is the greatest common divisor of b and 18?
18
Let n = 23 - 11. Let b be 3/(-12) - 69/n. Let v be 3*((-40)/b - -2). Calculate the highest common divisor of 104 and v.
26
Suppose -4*o = 16*o - 1400. What is the greatest common factor of 30 and o?
10
Let g = 3 - 0. Let t(u) = 63*u**2 - 6*u - 5. Let f be t(-2). Suppose -215 = -4*j - g*r + f, 3*r + 579 = 5*j. Calculate the highest common factor of 13 and j.
13
Let o(h) = 10*h + 30. Let p be o(32). Calculate the highest common factor of 100 and p.
50
Let r = -118 - -195. Calculate the highest common divisor of 242 and r.
11
Let v(i) = 177*i + 148. Let t be v(7). What is the greatest common divisor of 73 and t?
73
Let b = 17 - -5. Let i = 53 + -51. What is the greatest common factor of b and i?
2
Let v be (-2070)/(-27) + 1/3. Let z = 28 + v. Calculate the highest common factor of z and 21.
21
Suppose -6*c + 2*m = -c, 26 = 3*c + 4*m. Suppose -l = c*f - 153, 5*l - 4*f - 780 = f. Calculate the highest common factor of l and 31.
31
Let c(b) = -b**3 + 8*b**2 - 18*b + 29. Let l be c(5). Calculate the highest common factor of l and 7.
7
Let c = 95 - 98. Let y be 2*(196/8 + c). What is the highest common divisor of y and 43?
43
Suppose -91 = -3*s - 4*s. Let b(p) = -p**3 + 13*p**2 + 1. Let j be b(s). What is the highest common divisor of 10 and j?
1
Let l = -30 - -40. Suppose 5*f + 360 = l*f. Calculate the greatest common divisor of 8 and f.
8
Let a(i) = -12*i - 2. Let b be a(-5). Suppose 582 = 4*h + 2*s, 0 = 9*h - 6*h - 4*s - 431. What is the highest common divisor of b and h?
29
Let k(b) = b**2 + b. Suppose 2*d - 6 = -g - 0*d, 13 = -2*g + d. Let c be k(g). Let n be 6/5*(4 - 8 - -9). Calculate the highest common divisor of n and c.
6
Suppose -4*u + 3*u + 5 = 0. Let h(g) = 5*g - 4. Let s be h(u). Calculate the highest common factor of s and 21.
21
Suppose 4*u = 0, 5*a - 31 = -3*u + 19. What is the greatest common divisor of a and 3?
1
Suppose -i - 2*i = 6, 0 = -4*s - 3*i - 46. Let f be 5/s*1*(-80)/2. What is the highest common factor of 5 and f?
5
Let t be ((-8)/12)/(14/(-588)). Let a be 112/10*(0 - -5). What is the greatest common factor of t and a?
28
Let j be (32/6)/(9 + (-5826)/648). Calculate the greatest common divisor of 36 and j.
36
Suppose 53 = -10*p + 13. Let n(h) = h**2 + 2*h + 1. Let o be n(p). Calculate the highest common divisor of 12 and o.
3
Let g = 11 - 4. Suppose 2*c - g*c + 224 = 4*s, -3*s + 168 = -4*c. Let n be ((-6)/(-9))/(424/84 - 5